{"id":3055,"date":"2021-08-27T14:30:56","date_gmt":"2021-08-27T14:30:56","guid":{"rendered":"https:\/\/samsaragold.com\/product\/accessories-ofs-vesta\/"},"modified":"2023-09-19T13:53:54","modified_gmt":"2023-09-19T13:53:54","slug":"accessoires-ofs-vesta","status":"publish","type":"product","link":"https:\/\/metrointeriors.ca\/fr\/produit\/accessoires-ofs-vesta\/","title":{"rendered":"Vesta"},"content":{"rendered":"<p>M\u00eame si nous avons parcouru un long chemin en mati\u00e8re d\u2019alimentation \u00e9lectrique, la plupart des options d\u2019alimentation sont loin d\u2019\u00eatre une d\u00e9claration de mode. Vesta a \u00e9t\u00e9 con\u00e7u pour cr\u00e9er une alternative facilement accessible et conviviale aux options d&rsquo;alimentation traditionnelles. D\u00e9posez Vesta dans votre espace comme b\u00e9quille lat\u00e9rale pittoresque et gardez tout le monde productif toute la journ\u00e9e.<\/p>\n","protected":false},"excerpt":{"rendered":"<p>De nos jours, l\u2019alimentation \u00e9lectrique est presque aussi importante que l\u2019\u00e9clairage, car la technologie est tellement int\u00e9gr\u00e9e dans la vie quotidienne.<\/p>\n","protected":false},"featured_media":2777,"comment_status":"closed","ping_status":"closed","template":"","meta":{"_et_pb_use_builder":"","_et_pb_old_content":"","_et_gb_content_width":""},"product_brand":[],"product_cat":[151,146],"product_tag":[],"class_list":{"0":"post-3055","1":"product","2":"type-product","3":"status-publish","4":"has-post-thumbnail","6":"product_cat-accessoires","7":"product_cat-access-ofs-fr","9":"first","10":"instock","11":"product-type-simple"},"yoast_head":"<!-- This site is optimized with the Yoast SEO plugin v27.0 - https:\/\/yoast.com\/product\/yoast-seo-wordpress\/ -->\n<title>Vesta - Metro Interiors<\/title>\n<meta name=\"robots\" content=\"index, follow, max-snippet:-1, max-image-preview:large, max-video-preview:-1\" \/>\n<link rel=\"canonical\" href=\"https:\/\/metrointeriors.ca\/fr\/produit\/accessoires-ofs-vesta\/\" \/>\n<meta property=\"og:locale\" content=\"fr_FR\" \/>\n<meta property=\"og:type\" content=\"article\" \/>\n<meta property=\"og:title\" content=\"Vesta - Metro Interiors\" \/>\n<meta property=\"og:description\" content=\"De nos jours, l\u2019alimentation \u00e9lectrique est presque aussi importante que l\u2019\u00e9clairage, car la technologie est tellement int\u00e9gr\u00e9e dans la vie quotidienne.\" \/>\n<meta property=\"og:url\" content=\"https:\/\/metrointeriors.ca\/fr\/produit\/accessoires-ofs-vesta\/\" \/>\n<meta property=\"og:site_name\" content=\"Metro Interiors\" \/>\n<meta property=\"article:modified_time\" content=\"2023-09-19T13:53:54+00:00\" \/>\n<meta property=\"og:image\" content=\"https:\/\/metrointeriors.ca\/wp-content\/uploads\/2021\/08\/accessories-ofs-vesta.jpg\" \/>\n\t<meta property=\"og:image:width\" content=\"1080\" \/>\n\t<meta property=\"og:image:height\" content=\"1080\" \/>\n\t<meta property=\"og:image:type\" content=\"image\/jpeg\" \/>\n<meta name=\"twitter:card\" content=\"summary_large_image\" \/>\n<script type=\"application\/ld+json\" class=\"yoast-schema-graph\">{\"@context\":\"https:\/\/schema.org\",\"@graph\":[{\"@type\":\"WebPage\",\"@id\":\"https:\/\/metrointeriors.ca\/fr\/produit\/accessoires-ofs-vesta\/\",\"url\":\"https:\/\/metrointeriors.ca\/fr\/produit\/accessoires-ofs-vesta\/\",\"name\":\"Vesta - Metro Interiors\",\"isPartOf\":{\"@id\":\"https:\/\/metrointeriors.ca\/#website\"},\"primaryImageOfPage\":{\"@id\":\"https:\/\/metrointeriors.ca\/fr\/produit\/accessoires-ofs-vesta\/#primaryimage\"},\"image\":{\"@id\":\"https:\/\/metrointeriors.ca\/fr\/produit\/accessoires-ofs-vesta\/#primaryimage\"},\"thumbnailUrl\":\"https:\/\/metrointeriors.ca\/wp-content\/uploads\/2021\/08\/accessories-ofs-vesta.jpg\",\"datePublished\":\"2021-08-27T14:30:56+00:00\",\"dateModified\":\"2023-09-19T13:53:54+00:00\",\"breadcrumb\":{\"@id\":\"https:\/\/metrointeriors.ca\/fr\/produit\/accessoires-ofs-vesta\/#breadcrumb\"},\"inLanguage\":\"fr-FR\",\"potentialAction\":[{\"@type\":\"ReadAction\",\"target\":[\"https:\/\/metrointeriors.ca\/fr\/produit\/accessoires-ofs-vesta\/\"]}]},{\"@type\":\"ImageObject\",\"inLanguage\":\"fr-FR\",\"@id\":\"https:\/\/metrointeriors.ca\/fr\/produit\/accessoires-ofs-vesta\/#primaryimage\",\"url\":\"https:\/\/metrointeriors.ca\/wp-content\/uploads\/2021\/08\/accessories-ofs-vesta.jpg\",\"contentUrl\":\"https:\/\/metrointeriors.ca\/wp-content\/uploads\/2021\/08\/accessories-ofs-vesta.jpg\",\"width\":1080,\"height\":1080,\"caption\":\"accessories-ofs-vesta\"},{\"@type\":\"BreadcrumbList\",\"@id\":\"https:\/\/metrointeriors.ca\/fr\/produit\/accessoires-ofs-vesta\/#breadcrumb\",\"itemListElement\":[{\"@type\":\"ListItem\",\"position\":1,\"name\":\"Home\",\"item\":\"https:\/\/metrointeriors.ca\/fr\/\"},{\"@type\":\"ListItem\",\"position\":2,\"name\":\"Boutique\",\"item\":\"https:\/\/metrointeriors.ca\/fr\/boutique\/\"},{\"@type\":\"ListItem\",\"position\":3,\"name\":\"Vesta\"}]},{\"@type\":\"WebSite\",\"@id\":\"https:\/\/metrointeriors.ca\/#website\",\"url\":\"https:\/\/metrointeriors.ca\/\",\"name\":\"Metro Interiors\",\"description\":\"Laissez-nous vous aider \u00e0 rafra\u00eechir votre espace de travail d&#039;entreprise\",\"potentialAction\":[{\"@type\":\"SearchAction\",\"target\":{\"@type\":\"EntryPoint\",\"urlTemplate\":\"https:\/\/metrointeriors.ca\/?s={search_term_string}\"},\"query-input\":{\"@type\":\"PropertyValueSpecification\",\"valueRequired\":true,\"valueName\":\"search_term_string\"}}],\"inLanguage\":\"fr-FR\"}]}<\/script>\n<!-- \/ Yoast SEO plugin. -->","yoast_head_json":{"title":"Vesta - Metro Interiors","robots":{"index":"index","follow":"follow","max-snippet":"max-snippet:-1","max-image-preview":"max-image-preview:large","max-video-preview":"max-video-preview:-1"},"canonical":"https:\/\/metrointeriors.ca\/fr\/produit\/accessoires-ofs-vesta\/","og_locale":"fr_FR","og_type":"article","og_title":"Vesta - Metro Interiors","og_description":"De nos jours, l\u2019alimentation \u00e9lectrique est presque aussi importante que l\u2019\u00e9clairage, car la technologie est tellement int\u00e9gr\u00e9e dans la vie quotidienne.","og_url":"https:\/\/metrointeriors.ca\/fr\/produit\/accessoires-ofs-vesta\/","og_site_name":"Metro Interiors","article_modified_time":"2023-09-19T13:53:54+00:00","og_image":[{"width":1080,"height":1080,"url":"https:\/\/metrointeriors.ca\/wp-content\/uploads\/2021\/08\/accessories-ofs-vesta.jpg","type":"image\/jpeg"}],"twitter_card":"summary_large_image","schema":{"@context":"https:\/\/schema.org","@graph":[{"@type":"WebPage","@id":"https:\/\/metrointeriors.ca\/fr\/produit\/accessoires-ofs-vesta\/","url":"https:\/\/metrointeriors.ca\/fr\/produit\/accessoires-ofs-vesta\/","name":"Vesta - Metro Interiors","isPartOf":{"@id":"https:\/\/metrointeriors.ca\/#website"},"primaryImageOfPage":{"@id":"https:\/\/metrointeriors.ca\/fr\/produit\/accessoires-ofs-vesta\/#primaryimage"},"image":{"@id":"https:\/\/metrointeriors.ca\/fr\/produit\/accessoires-ofs-vesta\/#primaryimage"},"thumbnailUrl":"https:\/\/metrointeriors.ca\/wp-content\/uploads\/2021\/08\/accessories-ofs-vesta.jpg","datePublished":"2021-08-27T14:30:56+00:00","dateModified":"2023-09-19T13:53:54+00:00","breadcrumb":{"@id":"https:\/\/metrointeriors.ca\/fr\/produit\/accessoires-ofs-vesta\/#breadcrumb"},"inLanguage":"fr-FR","potentialAction":[{"@type":"ReadAction","target":["https:\/\/metrointeriors.ca\/fr\/produit\/accessoires-ofs-vesta\/"]}]},{"@type":"ImageObject","inLanguage":"fr-FR","@id":"https:\/\/metrointeriors.ca\/fr\/produit\/accessoires-ofs-vesta\/#primaryimage","url":"https:\/\/metrointeriors.ca\/wp-content\/uploads\/2021\/08\/accessories-ofs-vesta.jpg","contentUrl":"https:\/\/metrointeriors.ca\/wp-content\/uploads\/2021\/08\/accessories-ofs-vesta.jpg","width":1080,"height":1080,"caption":"accessories-ofs-vesta"},{"@type":"BreadcrumbList","@id":"https:\/\/metrointeriors.ca\/fr\/produit\/accessoires-ofs-vesta\/#breadcrumb","itemListElement":[{"@type":"ListItem","position":1,"name":"Home","item":"https:\/\/metrointeriors.ca\/fr\/"},{"@type":"ListItem","position":2,"name":"Boutique","item":"https:\/\/metrointeriors.ca\/fr\/boutique\/"},{"@type":"ListItem","position":3,"name":"Vesta"}]},{"@type":"WebSite","@id":"https:\/\/metrointeriors.ca\/#website","url":"https:\/\/metrointeriors.ca\/","name":"Metro Interiors","description":"Laissez-nous vous aider \u00e0 rafra\u00eechir votre espace de travail d&#039;entreprise","potentialAction":[{"@type":"SearchAction","target":{"@type":"EntryPoint","urlTemplate":"https:\/\/metrointeriors.ca\/?s={search_term_string}"},"query-input":{"@type":"PropertyValueSpecification","valueRequired":true,"valueName":"search_term_string"}}],"inLanguage":"fr-FR"}]}},"_links":{"self":[{"href":"https:\/\/metrointeriors.ca\/fr\/wp-json\/wp\/v2\/product\/3055","targetHints":{"allow":["GET"]}}],"collection":[{"href":"https:\/\/metrointeriors.ca\/fr\/wp-json\/wp\/v2\/product"}],"about":[{"href":"https:\/\/metrointeriors.ca\/fr\/wp-json\/wp\/v2\/types\/product"}],"replies":[{"embeddable":true,"href":"https:\/\/metrointeriors.ca\/fr\/wp-json\/wp\/v2\/comments?post=3055"}],"wp:featuredmedia":[{"embeddable":true,"href":"https:\/\/metrointeriors.ca\/fr\/wp-json\/wp\/v2\/media\/2777"}],"wp:attachment":[{"href":"https:\/\/metrointeriors.ca\/fr\/wp-json\/wp\/v2\/media?parent=3055"}],"wp:term":[{"taxonomy":"product_brand","embeddable":true,"href":"https:\/\/metrointeriors.ca\/fr\/wp-json\/wp\/v2\/product_brand?post=3055"},{"taxonomy":"product_cat","embeddable":true,"href":"https:\/\/metrointeriors.ca\/fr\/wp-json\/wp\/v2\/product_cat?post=3055"},{"taxonomy":"product_tag","embeddable":true,"href":"https:\/\/metrointeriors.ca\/fr\/wp-json\/wp\/v2\/product_tag?post=3055"}],"curies":[{"name":"wp","href":"https:\/\/api.w.org\/{rel}","templated":true}]}}

<p>Même si nous avons parcouru un long chemin en matière d’alimentation électrique, la plupart des options d’alimentation sont loin d’être une déclaration de mode. Vesta a été conçu pour créer une alternative facilement accessible et conviviale aux options d&rsquo;alimentation traditionnelles. Déposez Vesta dans votre espace comme béquille latérale pittoresque et gardez tout le monde productif toute la journée.</p>

<p>De nos jours, l’alimentation électrique est presque aussi importante que l’éclairage, car la technologie est tellement intégrée dans la vie quotidienne.</p>

<!-- This site is optimized with the Yoast SEO plugin v27.0 - https://yoast.com/product/yoast-seo-wordpress/ -->
<title>Vesta - Metro Interiors</title>
<meta name="robots" content="index, follow, max-snippet:-1, max-image-preview:large, max-video-preview:-1" />
<link rel="canonical" href="https://metrointeriors.ca/fr/produit/accessoires-ofs-vesta/" />
<meta property="og:locale" content="fr_FR" />
<meta property="og:type" content="article" />
<meta property="og:title" content="Vesta - Metro Interiors" />
<meta property="og:description" content="De nos jours, l’alimentation électrique est presque aussi importante que l’éclairage, car la technologie est tellement intégrée dans la vie quotidienne." />
<meta property="og:url" content="https://metrointeriors.ca/fr/produit/accessoires-ofs-vesta/" />
<meta property="og:site_name" content="Metro Interiors" />
<meta property="article:modified_time" content="2023-09-19T13:53:54+00:00" />
<meta property="og:image" content="https://metrointeriors.ca/wp-content/uploads/2021/08/accessories-ofs-vesta.jpg" />
	<meta property="og:image:width" content="1080" />
	<meta property="og:image:height" content="1080" />
	<meta property="og:image:type" content="image/jpeg" />
<meta name="twitter:card" content="summary_large_image" />
<script type="application/ld+json" class="yoast-schema-graph">{"@context":"https://schema.org","@graph":[{"@type":"WebPage","@id":"https://metrointeriors.ca/fr/produit/accessoires-ofs-vesta/","url":"https://metrointeriors.ca/fr/produit/accessoires-ofs-vesta/","name":"Vesta - Metro Interiors","isPartOf":{"@id":"https://metrointeriors.ca/#website"},"primaryImageOfPage":{"@id":"https://metrointeriors.ca/fr/produit/accessoires-ofs-vesta/#primaryimage"},"image":{"@id":"https://metrointeriors.ca/fr/produit/accessoires-ofs-vesta/#primaryimage"},"thumbnailUrl":"https://metrointeriors.ca/wp-content/uploads/2021/08/accessories-ofs-vesta.jpg","datePublished":"2021-08-27T14:30:56+00:00","dateModified":"2023-09-19T13:53:54+00:00","breadcrumb":{"@id":"https://metrointeriors.ca/fr/produit/accessoires-ofs-vesta/#breadcrumb"},"inLanguage":"fr-FR","potentialAction":[{"@type":"ReadAction","target":["https://metrointeriors.ca/fr/produit/accessoires-ofs-vesta/"]}]},{"@type":"ImageObject","inLanguage":"fr-FR","@id":"https://metrointeriors.ca/fr/produit/accessoires-ofs-vesta/#primaryimage","url":"https://metrointeriors.ca/wp-content/uploads/2021/08/accessories-ofs-vesta.jpg","contentUrl":"https://metrointeriors.ca/wp-content/uploads/2021/08/accessories-ofs-vesta.jpg","width":1080,"height":1080,"caption":"accessories-ofs-vesta"},{"@type":"BreadcrumbList","@id":"https://metrointeriors.ca/fr/produit/accessoires-ofs-vesta/#breadcrumb","itemListElement":[{"@type":"ListItem","position":1,"name":"Home","item":"https://metrointeriors.ca/fr/"},{"@type":"ListItem","position":2,"name":"Boutique","item":"https://metrointeriors.ca/fr/boutique/"},{"@type":"ListItem","position":3,"name":"Vesta"}]},{"@type":"WebSite","@id":"https://metrointeriors.ca/#website","url":"https://metrointeriors.ca/","name":"Metro Interiors","description":"Laissez-nous vous aider à rafraîchir votre espace de travail d&#039;entreprise","potentialAction":[{"@type":"SearchAction","target":{"@type":"EntryPoint","urlTemplate":"https://metrointeriors.ca/?s={search_term_string}"},"query-input":{"@type":"PropertyValueSpecification","valueRequired":true,"valueName":"search_term_string"}}],"inLanguage":"fr-FR"}]}</script>
<!-- / Yoast SEO plugin. -->

De nos jours, l’alimentation électrique est presque aussi importante que l’éclairage, car la technologie est tellement intégrée dans la vie quotidienne.

Laissez-nous vous aider à rafraîchir votre espace de travail d&#039;entreprise
