{"id":2908,"date":"2021-08-27T14:29:46","date_gmt":"2021-08-27T14:29:46","guid":{"rendered":"https:\/\/samsaragold.com\/product\/seating-global-solar\/"},"modified":"2023-09-08T19:08:55","modified_gmt":"2023-09-08T19:08:55","slug":"chaises-global-solar","status":"publish","type":"product","link":"https:\/\/metrointeriors.ca\/fr\/produit\/chaises-global-solar\/","title":{"rendered":"Solar"},"content":{"rendered":"<ul>\n<li>La structure est un b\u00e2ti de si\u00e8ge, de dossier et d&rsquo;accoudoirs fixes monobloc;<\/li>\n<li>Un pi\u00e9tement assorti est aussi offert en plastique fini alb\u00e2tre ou feutre asphalt\u00e9. Un pi\u00e9tement en aluminium et des patins fixes \u00e9l\u00e9gants sont offerts en option;<\/li>\n<li>Le dossier et le si\u00e8ge en tissu maill\u00e9 sont offerts en trois couleurs : minuit, orage\u00a0et colombe;<\/li>\n<li>Une fonction de basculement \u00e0 pivot int\u00e9gr\u00e9e (sans m\u00e9canisme de contr\u00f4le) ainsi qu&rsquo;un si\u00e8ge \u00e0 hauteur r\u00e9glable sont de s\u00e9rie sur la gamme Solar;<\/li>\n<li>Solar est l&rsquo;id\u00e9al pour les salles de formation, de conf\u00e9rence et de collaboration pour conf\u00e9rer style moderne et valeur.<\/li>\n<\/ul>\n","protected":false},"excerpt":{"rendered":"<p>Ce nouveau design de Paul Brooks marie une structure \u00e9l\u00e9gamment fluide avec une surface en tissu maill\u00e9 int\u00e9gr\u00e9e.<\/p>\n","protected":false},"featured_media":341,"comment_status":"closed","ping_status":"closed","template":"","meta":{"_et_pb_use_builder":"","_et_pb_old_content":"","_et_gb_content_width":""},"product_brand":[],"product_cat":[340,177],"product_tag":[],"class_list":{"0":"post-2908","1":"product","2":"type-product","3":"status-publish","4":"has-post-thumbnail","6":"product_cat-seating-new-fr","7":"product_cat-seat-global-fr","9":"first","10":"instock","11":"product-type-simple"},"yoast_head":"<!-- This site is optimized with the Yoast SEO plugin v27.0 - https:\/\/yoast.com\/product\/yoast-seo-wordpress\/ -->\n<title>Solar - Metro Interiors<\/title>\n<meta name=\"robots\" content=\"index, follow, max-snippet:-1, max-image-preview:large, max-video-preview:-1\" \/>\n<link rel=\"canonical\" href=\"https:\/\/metrointeriors.ca\/fr\/produit\/chaises-global-solar\/\" \/>\n<meta property=\"og:locale\" content=\"fr_FR\" \/>\n<meta property=\"og:type\" content=\"article\" \/>\n<meta property=\"og:title\" content=\"Solar - Metro Interiors\" \/>\n<meta property=\"og:description\" content=\"Ce nouveau design de Paul Brooks marie une structure \u00e9l\u00e9gamment fluide avec une surface en tissu maill\u00e9 int\u00e9gr\u00e9e.\" \/>\n<meta property=\"og:url\" content=\"https:\/\/metrointeriors.ca\/fr\/produit\/chaises-global-solar\/\" \/>\n<meta property=\"og:site_name\" content=\"Metro Interiors\" \/>\n<meta property=\"article:modified_time\" content=\"2023-09-08T19:08:55+00:00\" \/>\n<meta property=\"og:image\" content=\"https:\/\/metrointeriors.ca\/wp-content\/uploads\/2021\/08\/Solar-09.jpg\" \/>\n\t<meta property=\"og:image:width\" content=\"700\" \/>\n\t<meta property=\"og:image:height\" content=\"500\" \/>\n\t<meta property=\"og:image:type\" content=\"image\/jpeg\" \/>\n<meta name=\"twitter:card\" content=\"summary_large_image\" \/>\n<meta name=\"twitter:label1\" content=\"Dur\u00e9e de lecture estim\u00e9e\" \/>\n\t<meta name=\"twitter:data1\" content=\"1 minute\" \/>\n<script type=\"application\/ld+json\" class=\"yoast-schema-graph\">{\"@context\":\"https:\/\/schema.org\",\"@graph\":[{\"@type\":\"WebPage\",\"@id\":\"https:\/\/metrointeriors.ca\/fr\/produit\/chaises-global-solar\/\",\"url\":\"https:\/\/metrointeriors.ca\/fr\/produit\/chaises-global-solar\/\",\"name\":\"Solar - Metro Interiors\",\"isPartOf\":{\"@id\":\"https:\/\/metrointeriors.ca\/#website\"},\"primaryImageOfPage\":{\"@id\":\"https:\/\/metrointeriors.ca\/fr\/produit\/chaises-global-solar\/#primaryimage\"},\"image\":{\"@id\":\"https:\/\/metrointeriors.ca\/fr\/produit\/chaises-global-solar\/#primaryimage\"},\"thumbnailUrl\":\"https:\/\/metrointeriors.ca\/wp-content\/uploads\/2021\/08\/Solar-09.jpg\",\"datePublished\":\"2021-08-27T14:29:46+00:00\",\"dateModified\":\"2023-09-08T19:08:55+00:00\",\"breadcrumb\":{\"@id\":\"https:\/\/metrointeriors.ca\/fr\/produit\/chaises-global-solar\/#breadcrumb\"},\"inLanguage\":\"fr-FR\",\"potentialAction\":[{\"@type\":\"ReadAction\",\"target\":[\"https:\/\/metrointeriors.ca\/fr\/produit\/chaises-global-solar\/\"]}]},{\"@type\":\"ImageObject\",\"inLanguage\":\"fr-FR\",\"@id\":\"https:\/\/metrointeriors.ca\/fr\/produit\/chaises-global-solar\/#primaryimage\",\"url\":\"https:\/\/metrointeriors.ca\/wp-content\/uploads\/2021\/08\/Solar-09.jpg\",\"contentUrl\":\"https:\/\/metrointeriors.ca\/wp-content\/uploads\/2021\/08\/Solar-09.jpg\",\"width\":700,\"height\":500,\"caption\":\"Solar\"},{\"@type\":\"BreadcrumbList\",\"@id\":\"https:\/\/metrointeriors.ca\/fr\/produit\/chaises-global-solar\/#breadcrumb\",\"itemListElement\":[{\"@type\":\"ListItem\",\"position\":1,\"name\":\"Home\",\"item\":\"https:\/\/metrointeriors.ca\/fr\/\"},{\"@type\":\"ListItem\",\"position\":2,\"name\":\"Boutique\",\"item\":\"https:\/\/metrointeriors.ca\/fr\/boutique\/\"},{\"@type\":\"ListItem\",\"position\":3,\"name\":\"Solar\"}]},{\"@type\":\"WebSite\",\"@id\":\"https:\/\/metrointeriors.ca\/#website\",\"url\":\"https:\/\/metrointeriors.ca\/\",\"name\":\"Metro Interiors\",\"description\":\"Laissez-nous vous aider \u00e0 rafra\u00eechir votre espace de travail d&#039;entreprise\",\"potentialAction\":[{\"@type\":\"SearchAction\",\"target\":{\"@type\":\"EntryPoint\",\"urlTemplate\":\"https:\/\/metrointeriors.ca\/?s={search_term_string}\"},\"query-input\":{\"@type\":\"PropertyValueSpecification\",\"valueRequired\":true,\"valueName\":\"search_term_string\"}}],\"inLanguage\":\"fr-FR\"}]}<\/script>\n<!-- \/ Yoast SEO plugin. -->","yoast_head_json":{"title":"Solar - Metro Interiors","robots":{"index":"index","follow":"follow","max-snippet":"max-snippet:-1","max-image-preview":"max-image-preview:large","max-video-preview":"max-video-preview:-1"},"canonical":"https:\/\/metrointeriors.ca\/fr\/produit\/chaises-global-solar\/","og_locale":"fr_FR","og_type":"article","og_title":"Solar - Metro Interiors","og_description":"Ce nouveau design de Paul Brooks marie une structure \u00e9l\u00e9gamment fluide avec une surface en tissu maill\u00e9 int\u00e9gr\u00e9e.","og_url":"https:\/\/metrointeriors.ca\/fr\/produit\/chaises-global-solar\/","og_site_name":"Metro Interiors","article_modified_time":"2023-09-08T19:08:55+00:00","og_image":[{"width":700,"height":500,"url":"https:\/\/metrointeriors.ca\/wp-content\/uploads\/2021\/08\/Solar-09.jpg","type":"image\/jpeg"}],"twitter_card":"summary_large_image","twitter_misc":{"Dur\u00e9e de lecture estim\u00e9e":"1 minute"},"schema":{"@context":"https:\/\/schema.org","@graph":[{"@type":"WebPage","@id":"https:\/\/metrointeriors.ca\/fr\/produit\/chaises-global-solar\/","url":"https:\/\/metrointeriors.ca\/fr\/produit\/chaises-global-solar\/","name":"Solar - Metro Interiors","isPartOf":{"@id":"https:\/\/metrointeriors.ca\/#website"},"primaryImageOfPage":{"@id":"https:\/\/metrointeriors.ca\/fr\/produit\/chaises-global-solar\/#primaryimage"},"image":{"@id":"https:\/\/metrointeriors.ca\/fr\/produit\/chaises-global-solar\/#primaryimage"},"thumbnailUrl":"https:\/\/metrointeriors.ca\/wp-content\/uploads\/2021\/08\/Solar-09.jpg","datePublished":"2021-08-27T14:29:46+00:00","dateModified":"2023-09-08T19:08:55+00:00","breadcrumb":{"@id":"https:\/\/metrointeriors.ca\/fr\/produit\/chaises-global-solar\/#breadcrumb"},"inLanguage":"fr-FR","potentialAction":[{"@type":"ReadAction","target":["https:\/\/metrointeriors.ca\/fr\/produit\/chaises-global-solar\/"]}]},{"@type":"ImageObject","inLanguage":"fr-FR","@id":"https:\/\/metrointeriors.ca\/fr\/produit\/chaises-global-solar\/#primaryimage","url":"https:\/\/metrointeriors.ca\/wp-content\/uploads\/2021\/08\/Solar-09.jpg","contentUrl":"https:\/\/metrointeriors.ca\/wp-content\/uploads\/2021\/08\/Solar-09.jpg","width":700,"height":500,"caption":"Solar"},{"@type":"BreadcrumbList","@id":"https:\/\/metrointeriors.ca\/fr\/produit\/chaises-global-solar\/#breadcrumb","itemListElement":[{"@type":"ListItem","position":1,"name":"Home","item":"https:\/\/metrointeriors.ca\/fr\/"},{"@type":"ListItem","position":2,"name":"Boutique","item":"https:\/\/metrointeriors.ca\/fr\/boutique\/"},{"@type":"ListItem","position":3,"name":"Solar"}]},{"@type":"WebSite","@id":"https:\/\/metrointeriors.ca\/#website","url":"https:\/\/metrointeriors.ca\/","name":"Metro Interiors","description":"Laissez-nous vous aider \u00e0 rafra\u00eechir votre espace de travail d&#039;entreprise","potentialAction":[{"@type":"SearchAction","target":{"@type":"EntryPoint","urlTemplate":"https:\/\/metrointeriors.ca\/?s={search_term_string}"},"query-input":{"@type":"PropertyValueSpecification","valueRequired":true,"valueName":"search_term_string"}}],"inLanguage":"fr-FR"}]}},"_links":{"self":[{"href":"https:\/\/metrointeriors.ca\/fr\/wp-json\/wp\/v2\/product\/2908","targetHints":{"allow":["GET"]}}],"collection":[{"href":"https:\/\/metrointeriors.ca\/fr\/wp-json\/wp\/v2\/product"}],"about":[{"href":"https:\/\/metrointeriors.ca\/fr\/wp-json\/wp\/v2\/types\/product"}],"replies":[{"embeddable":true,"href":"https:\/\/metrointeriors.ca\/fr\/wp-json\/wp\/v2\/comments?post=2908"}],"wp:featuredmedia":[{"embeddable":true,"href":"https:\/\/metrointeriors.ca\/fr\/wp-json\/wp\/v2\/media\/341"}],"wp:attachment":[{"href":"https:\/\/metrointeriors.ca\/fr\/wp-json\/wp\/v2\/media?parent=2908"}],"wp:term":[{"taxonomy":"product_brand","embeddable":true,"href":"https:\/\/metrointeriors.ca\/fr\/wp-json\/wp\/v2\/product_brand?post=2908"},{"taxonomy":"product_cat","embeddable":true,"href":"https:\/\/metrointeriors.ca\/fr\/wp-json\/wp\/v2\/product_cat?post=2908"},{"taxonomy":"product_tag","embeddable":true,"href":"https:\/\/metrointeriors.ca\/fr\/wp-json\/wp\/v2\/product_tag?post=2908"}],"curies":[{"name":"wp","href":"https:\/\/api.w.org\/{rel}","templated":true}]}}

<ul>
<li>La structure est un bâti de siège, de dossier et d&rsquo;accoudoirs fixes monobloc;</li>
<li>Un piétement assorti est aussi offert en plastique fini albâtre ou feutre asphalté. Un piétement en aluminium et des patins fixes élégants sont offerts en option;</li>
<li>Le dossier et le siège en tissu maillé sont offerts en trois couleurs : minuit, orage et colombe;</li>
<li>Une fonction de basculement à pivot intégrée (sans mécanisme de contrôle) ainsi qu&rsquo;un siège à hauteur réglable sont de série sur la gamme Solar;</li>
<li>Solar est l&rsquo;idéal pour les salles de formation, de conférence et de collaboration pour conférer style moderne et valeur.</li>
</ul>

<p>Ce nouveau design de Paul Brooks marie une structure élégamment fluide avec une surface en tissu maillé intégrée.</p>

<!-- This site is optimized with the Yoast SEO plugin v27.0 - https://yoast.com/product/yoast-seo-wordpress/ -->
<title>Solar - Metro Interiors</title>
<meta name="robots" content="index, follow, max-snippet:-1, max-image-preview:large, max-video-preview:-1" />
<link rel="canonical" href="https://metrointeriors.ca/fr/produit/chaises-global-solar/" />
<meta property="og:locale" content="fr_FR" />
<meta property="og:type" content="article" />
<meta property="og:title" content="Solar - Metro Interiors" />
<meta property="og:description" content="Ce nouveau design de Paul Brooks marie une structure élégamment fluide avec une surface en tissu maillé intégrée." />
<meta property="og:url" content="https://metrointeriors.ca/fr/produit/chaises-global-solar/" />
<meta property="og:site_name" content="Metro Interiors" />
<meta property="article:modified_time" content="2023-09-08T19:08:55+00:00" />
<meta property="og:image" content="https://metrointeriors.ca/wp-content/uploads/2021/08/Solar-09.jpg" />
	<meta property="og:image:width" content="700" />
	<meta property="og:image:height" content="500" />
	<meta property="og:image:type" content="image/jpeg" />
<meta name="twitter:card" content="summary_large_image" />
<meta name="twitter:label1" content="Durée de lecture estimée" />
	<meta name="twitter:data1" content="1 minute" />
<script type="application/ld+json" class="yoast-schema-graph">{"@context":"https://schema.org","@graph":[{"@type":"WebPage","@id":"https://metrointeriors.ca/fr/produit/chaises-global-solar/","url":"https://metrointeriors.ca/fr/produit/chaises-global-solar/","name":"Solar - Metro Interiors","isPartOf":{"@id":"https://metrointeriors.ca/#website"},"primaryImageOfPage":{"@id":"https://metrointeriors.ca/fr/produit/chaises-global-solar/#primaryimage"},"image":{"@id":"https://metrointeriors.ca/fr/produit/chaises-global-solar/#primaryimage"},"thumbnailUrl":"https://metrointeriors.ca/wp-content/uploads/2021/08/Solar-09.jpg","datePublished":"2021-08-27T14:29:46+00:00","dateModified":"2023-09-08T19:08:55+00:00","breadcrumb":{"@id":"https://metrointeriors.ca/fr/produit/chaises-global-solar/#breadcrumb"},"inLanguage":"fr-FR","potentialAction":[{"@type":"ReadAction","target":["https://metrointeriors.ca/fr/produit/chaises-global-solar/"]}]},{"@type":"ImageObject","inLanguage":"fr-FR","@id":"https://metrointeriors.ca/fr/produit/chaises-global-solar/#primaryimage","url":"https://metrointeriors.ca/wp-content/uploads/2021/08/Solar-09.jpg","contentUrl":"https://metrointeriors.ca/wp-content/uploads/2021/08/Solar-09.jpg","width":700,"height":500,"caption":"Solar"},{"@type":"BreadcrumbList","@id":"https://metrointeriors.ca/fr/produit/chaises-global-solar/#breadcrumb","itemListElement":[{"@type":"ListItem","position":1,"name":"Home","item":"https://metrointeriors.ca/fr/"},{"@type":"ListItem","position":2,"name":"Boutique","item":"https://metrointeriors.ca/fr/boutique/"},{"@type":"ListItem","position":3,"name":"Solar"}]},{"@type":"WebSite","@id":"https://metrointeriors.ca/#website","url":"https://metrointeriors.ca/","name":"Metro Interiors","description":"Laissez-nous vous aider à rafraîchir votre espace de travail d&#039;entreprise","potentialAction":[{"@type":"SearchAction","target":{"@type":"EntryPoint","urlTemplate":"https://metrointeriors.ca/?s={search_term_string}"},"query-input":{"@type":"PropertyValueSpecification","valueRequired":true,"valueName":"search_term_string"}}],"inLanguage":"fr-FR"}]}</script>
<!-- / Yoast SEO plugin. -->

Ce nouveau design de Paul Brooks marie une structure élégamment fluide avec une surface en tissu maillé intégrée.

Laissez-nous vous aider à rafraîchir votre espace de travail d&#039;entreprise
